{"id":2,"date":"2023-07-18T09:30:44","date_gmt":"2023-07-18T09:30:44","guid":{"rendered":"https:\/\/sportaza.cl\/?page_id=2"},"modified":"2025-10-01T14:42:06","modified_gmt":"2025-10-01T14:42:06","slug":"sample-page","status":"publish","type":"page","link":"https:\/\/sportaza.cl\/","title":{"rendered":"Sportaza Casino Online en Chile"},"content":{"rendered":"\n<p>Si eres de los que disfruta los juegos de casino online, Sportaza, una plataforma de juegos de casino online, es la opci\u00f3n que buscabas pues brinda una amplia diversidad de juegos en alta gama para jugadores no solo chilenos sino a nivel mundial. Sus usuarios contaran con juegos en vivo, crupieres reales, juegos de mesa y tragamonedas pues Sportaza tiene algo para todos los gustos.<\/p>\n\n\n\n<div class=\"wp-block-columns is-not-stacked-on-mobile is-layout-flex wp-container-core-columns-is-layout-28f84493 wp-block-columns-is-layout-flex\">\n<div class=\"wp-block-column is-layout-flow wp-block-column-is-layout-flow\">\n<div class=\"wp-block-buttons has-custom-font-size btn reg has-medium-font-size is-content-justification-right is-nowrap is-layout-flex wp-container-core-buttons-is-layout-5355fa85 wp-block-buttons-is-layout-flex\">\n<div class=\"wp-block-button is-style-fill\"><a class=\"wp-block-button__link has-white-color has-text-color has-background has-link-color wp-element-button\" href=\"\/sportazago\" style=\"border-radius:4px;background-color:#051249\" rel=\"nofollow\">Iniciar sesi\u00f3n<\/a><\/div>\n<\/div>\n<\/div>\n\n\n\n<div class=\"wp-block-column is-layout-flow wp-block-column-is-layout-flow\">\n<div class=\"wp-block-buttons has-custom-font-size btn has-medium-font-size is-content-justification-left is-nowrap is-layout-flex wp-container-core-buttons-is-layout-92e17da2 wp-block-buttons-is-layout-flex\">\n<div class=\"wp-block-button is-style-fill\"><a class=\"wp-block-button__link has-text-color has-background has-link-color wp-element-button\" href=\"\/sportazago\" style=\"border-radius:4px;color:#262626;background-color:#00ff00\" rel=\"nofollow\">Crear una cuenta<\/a><\/div>\n<\/div>\n<\/div>\n<\/div>\n\n\n\n<figure class=\"wp-block-image size-large\"><img loading=\"lazy\" decoding=\"async\" width=\"1024\" height=\"695\" src=\"https:\/\/sportaza.cl\/wp-content\/uploads\/2023\/07\/sportazaa-1024x695.png\" alt=\"\" class=\"wp-image-20\" srcset=\"https:\/\/sportaza.cl\/wp-content\/uploads\/2023\/07\/sportazaa-1024x695.png 1024w, https:\/\/sportaza.cl\/wp-content\/uploads\/2023\/07\/sportazaa-300x204.png 300w, https:\/\/sportaza.cl\/wp-content\/uploads\/2023\/07\/sportazaa-768x521.png 768w, https:\/\/sportaza.cl\/wp-content\/uploads\/2023\/07\/sportazaa-1536x1043.png 1536w, https:\/\/sportaza.cl\/wp-content\/uploads\/2023\/07\/sportazaa-2048x1390.png 2048w\" sizes=\"auto, (max-width: 1024px) 100vw, 1024px\" \/><\/figure>\n\n\n\n<p>Una de las grandes ventajas que ofrece la plataforma es su exclusiva secci\u00f3n VIP, adem\u00e1s de bonificaciones especiales, deportes, carreras de caballos, tienda de recompensas, excitantes desaf\u00edos, una gu\u00eda completa, as\u00ed como una infaltable y extensa selecci\u00f3n de juegos hace que Sportaza sea un plus para aquellos que quieren disfrutar una experiencia de juego personalizada y fuera de lo com\u00fan.<\/p>\n\n\n\n<p>En las pr\u00f3ximas l\u00edneas rese\u00f1aremos detalladamente las distintas particularidades y bondades que ofrece Sportaza, y te demostraremos por qu\u00e9 unirte a esta plataforma de juegos en l\u00ednea es tu mejor opci\u00f3n.<\/p>\n\n\n\n<h2 class=\"wp-block-heading\">Selecci\u00f3n de juegos de casino en l\u00ednea<\/h2>\n\n\n\n<p>Los distintos desarrolladores de software de la industria como Microgaming, Pragmatic Play y NetEnt, hallan en Sportaza un excelente aliado que les permite ofrecer su extensa variedad de juegos. Por su parte los diversos jugadores tienen la oportunidad de elegir entre una amplia diversidad de t\u00edtulos.<\/p>\n\n\n\n<p>Los asiduos a esta plataforma disfrutan desde juegos de mesa y tragamonedas hasta juegos en vivo como la Ruleta, el Blackjack y el Baccarat. Algo que caracteriza a esta plataforma es que se esmera en brindar juegos de alta calidad, actualizados constantemente pues ello garantizara que los jugadores siempre tengan acceso a lo mejor de lo mejor.<\/p>\n\n\n\n<p>Se debe resaltar del casino, su selecci\u00f3n de tragamonedas realmente impresionante, con variedad de temas y estilos para elegir. Los jugadores tendr\u00e1n la oportunidad de elegir diversos tragamonedas, como los cl\u00e1sicos con frutas y campanas, o de videos, gr\u00e1ficos y extraordinarias animaciones o con botes progresivos y premios que transformar\u00e1n tu vida.<\/p>\n\n\n\n<p>La plataforma no solo ofrece excelentes tragamonedas, tambi\u00e9n ofrece una alta gama de juegos de mesa como el Blackjack, la Ruleta, el Baccarat, el P\u00f3ker y el Sic Bo. Y la gran atracci\u00f3n: los juegos en vivo, ya que los jugadores disfrutaran la emoci\u00f3n de jugar en un casino real sin abandonar la comodidad de su casa.<\/p>\n\n\n\n<h2 class=\"wp-block-heading\">Exclusiva secci\u00f3n VIP<\/h2>\n\n\n\n<p>Para jugadores exclusivos en Chile que persiguen una experiencia de juego a\u00fan m\u00e1s impresionante y personalizada, el casino ofrece una secci\u00f3n VIP exclusiva y quienes se unan recibir\u00e1n un servicio \u00fanico y recompensas exclusivas. Adem\u00e1s, disfrutaras de las ventajas de ser un jugador VIP en Sportaza ya que tendr\u00e1s a disposici\u00f3n un gerente de cuenta personal, bonificaciones exclusivas, regalos de cumplea\u00f1os y acceso a eventos especiales.<\/p>\n\n\n\n<p>Los usuarios de esta secci\u00f3n tendr\u00e1n de forma exclusiva juegos y promociones disponibles solo para jugadores VIP, quienes adem\u00e1s cuentan con la posibilidad de incrementar su nivel VIP a medida que juegan y ganan en la plataforma, lo que les generara a su vez mayores beneficios y recompensas. De esta manera el programa VIP de Sportaza valora y aprecia la fidelidad y lealtad de sus jugadores.<\/p>\n\n\n\n<h2 class=\"wp-block-heading\">Tienda y Bonus Crap<\/h2>\n\n\n\n<p>Los jugadores podr\u00e1n aprovechar al m\u00e1ximo su experiencia de juego por medio de la secci\u00f3n de Tienda ya que al comenzar a jugar en la plataforma acumular\u00e1n puntos canjeables en la tienda para obtener recompensas exclusivas. Dentro de las recompensas los usuarios gozan de una extensa variedad de opciones que van desde bonos de dep\u00f3sito hasta dinero en efectivo, tiradas gratis y gadgets electr\u00f3nicos.<\/p>\n\n\n\n<p>Una de las grandes ventajas de la Tienda es su actualizaci\u00f3n peri\u00f3dica con la los jugadores pueden disfrutar de nuevas recompensas, as\u00ed siempre tendr\u00e1n algo nuevo y emocionante por lo que canjear sus puntos y podr\u00e1n seguir motivados a jugar y acumular puntos para canjear por recompensas que les interesen.<\/p>\n\n\n\n<p>Igualmente, los jugadores tienen adem\u00e1s la posibilidad de sentir valorada su lealtad y fidelidad por medio de recompensas \u00fanicas de la Tienda, que obtienen al usar la plataforma.<\/p>\n\n\n\n<p>Es de resaltar de igual manera la secci\u00f3n de Bonus Crap en Sportaza, que es una gran atracci\u00f3n para los jugadores ya que se tiene acceso a promociones especiales al momento de realizar dep\u00f3sitos y jugar dentro de la plataforma.<\/p>\n\n\n\n<p>Entre las promociones que podemos destacar est\u00e1n los bonos de dep\u00f3sito, tiradas gratis y regalos exclusivos elevando a un nivel a\u00fan m\u00e1s emocionante y lucrativo la experiencia de juego. En s\u00edntesis, podemos decir que la combinaci\u00f3n de la secci\u00f3n de Tienda y Bonus Crap permiten una experiencia de juego emocionante y personalizada para los usuarios.<\/p>\n\n\n\n<h2 class=\"wp-block-heading\">Gu\u00eda completa y desaf\u00edos<\/h2>\n\n\n\n<p>Adem\u00e1s de los beneficios mencionados de la plataforma, Sportaza brinda a los jugadores en Chile una gu\u00eda completa para conocer y entender las reglas y estrategias de los juegos de casino en l\u00ednea. En dicha gu\u00eda el usuario encontrara toda la informaci\u00f3n con detalles sobre los juegos populares como la Ruleta, el Blackjack, las tragamonedas y el Baccarat y podr\u00e1n mejorar sus habilidades e incrementar las probabilidades de ganar en los juegos.<\/p>\n\n\n\n<p>Esta gu\u00eda cuenta con una emocionante secci\u00f3n de desaf\u00edos para los jugadores en Chile. Los usuarios tienen la oportunidad de participar en retos habituales para obtener premios exclusivos, como bonos de dep\u00f3sito, tiradas gratis y gadgets electr\u00f3nicos. Entre los desaf\u00edos se incluyen juegos espec\u00edficos o requisitos de apuestas, convirti\u00e9ndose as\u00ed en una excelente forma en que los jugadores chilenos le agreguen emoci\u00f3n adicional a su experiencia de juego.<\/p>\n\n\n\n<h2 class=\"wp-block-heading\">Deportes, carreras de caballos y casino en vivo<\/h2>\n\n\n\n<p>Para los que disfrutan de apostar en eventos deportivos y carreras el casino brinda tambi\u00e9n una secci\u00f3n de deportes y carreras de caballos para los jugadores en Chile. Los usuarios tienen acceso a una vasta diversidad de deportes, desde f\u00fatbol y baloncesto hasta tenis y boxeo, con la posibilidad adem\u00e1s de hacer apuestas en vivo mientras se desarrollan los eventos.<\/p>\n\n\n\n<p>Se debe resaltar de igual manera que la secci\u00f3n en vivo de Sportaza se ha convertido en una gran atracci\u00f3n para los jugadores en Chile. Los jugadores podr\u00e1n disfrutar de juegos en vivo con crupieres reales, como la Ruleta, el Blackjack y el Baccarat en vivo. Los jugadores disfrutaran de una experiencia de juego aut\u00e9ntica y emocionante ya que los juegos en vivo se transmiten en tiempo real desde estudios de casino reales.<\/p>\n\n\n\n<p>Sportaza tiene todo lo que los jugadores pueden desear con su extensa selecci\u00f3n de juegos, secci\u00f3n VIP exclusiva, tienda de recompensas, bonificaciones especiales, gu\u00eda completa, desaf\u00edos emocionantes, deportes y carreras de caballos, y juegos en vivo con crupieres reales. Asimismo, la plataforma persigue como objetivo brindar un servicio destacado y recompensar a los jugadores por su lealtad y fidelidad. Si lo que buscas es una experiencia de juego online emocionante y personalizada, Sportaza en definitiva la mejor y m\u00e1s excelente opci\u00f3n para considerar. No dudes en unirte a la plataforma y descubrir todo lo que Sportaza tiene para ofrecer.<\/p>\n","protected":false},"excerpt":{"rendered":"<p>Si eres de los que disfruta los juegos de casino online, Sportaza, una plataforma de juegos de casino online, es<\/p>\n","protected":false},"author":1,"featured_media":0,"parent":0,"menu_order":0,"comment_status":"closed","ping_status":"open","template":"","meta":{"footnotes":""},"class_list":["post-2","page","type-page","status-publish","hentry"],"_links":{"self":[{"href":"https:\/\/sportaza.cl\/index.php?rest_route=\/wp\/v2\/pages\/2","targetHints":{"allow":["GET"]}}],"collection":[{"href":"https:\/\/sportaza.cl\/index.php?rest_route=\/wp\/v2\/pages"}],"about":[{"href":"https:\/\/sportaza.cl\/index.php?rest_route=\/wp\/v2\/types\/page"}],"author":[{"embeddable":true,"href":"https:\/\/sportaza.cl\/index.php?rest_route=\/wp\/v2\/users\/1"}],"replies":[{"embeddable":true,"href":"https:\/\/sportaza.cl\/index.php?rest_route=%2Fwp%2Fv2%2Fcomments&post=2"}],"version-history":[{"count":22,"href":"https:\/\/sportaza.cl\/index.php?rest_route=\/wp\/v2\/pages\/2\/revisions"}],"predecessor-version":[{"id":59,"href":"https:\/\/sportaza.cl\/index.php?rest_route=\/wp\/v2\/pages\/2\/revisions\/59"}],"wp:attachment":[{"href":"https:\/\/sportaza.cl\/index.php?rest_route=%2Fwp%2Fv2%2Fmedia&parent=2"}],"curies":[{"name":"wp","href":"https:\/\/api.w.org\/{rel}","templated":true}]}}